{"id":96,"date":"2018-02-04T00:41:36","date_gmt":"2018-02-04T00:41:36","guid":{"rendered":"https:\/\/test.hilfe-fuer-jan.de\/?page_id=96"},"modified":"2018-02-04T00:41:36","modified_gmt":"2018-02-04T00:41:36","slug":"gedanken","status":"publish","type":"page","link":"https:\/\/test.hilfe-fuer-jan.de\/?page_id=96","title":{"rendered":"Gedanken"},"content":{"rendered":"<p>Die Sehnsucht macht deutlich wie nah uns das Gl\u00fcck einst war.<\/p>\n<p>Durch Jan &#8217;s Tod wurde ein wunderbarer und bedeutender Teil unserer Zukunft f\u00fcr immer ausgel\u00f6scht. Freude und Hoffnung auf den noch verbliebenen Teil lassen sich nur noch schwer empfinden.<\/p>\n<p>Ohnm\u00e4chtig stehen wir vor seiner Ruhest\u00e4tte und empfinden Sehnsucht, Wut, Entt\u00e4uschung, Verzweiflung und manchmal auch Hoffnung auf ein Wiedersehen. Diese Hoffnung ist einer wechselhaften Intensit\u00e4t unterworfen und vermag es nicht die anderen negativen Empfindungen zu unterdr\u00fccken.<\/p>\n<p>Wie wunderbar w\u00e4re es, wenn wir seinen K\u00f6rper noch einmal im Arm halten oder einfach nur ber\u00fchren k\u00f6nnten, aber die aufgesch\u00fcttete Erde, die Angst Ihn nicht wiederzuerkennen oder schlicht\u00a0die Vernunft hindern uns daran.<\/p>\n<p>Die Frage nach dem Warum wird uns bis an unser Lebensende verfolgen in der Hoffnung hierauf dann eine Anwort zu erhalten. Wenn sich jedoch die Hoffnung auf ein <strong>Wiedersehen mit Jan<\/strong> erf\u00fcllt, werden all die offenen Fragen bedeutungslos.<\/p>\n<p>&#8230;&#8230;&#8230;&#8230;&#8230;&#8230;&#8230;&#8230;&#8230;&#8230;&#8230;&#8230;&#8230;&#8230;&#8230;&#8230;&#8230;&#8230;&#8230;&#8230;&#8230;&#8230;&#8230;&#8230;&#8230;&#8230;&#8230;&#8230;&#8230;&#8230;&#8230;&#8230;&#8230;&#8230;&#8230;&#8230;&#8230;&#8230;&#8230;&#8230;&#8230;&#8230;<\/p>\n<p><strong>Am Samstag, den 04. Oktober 2008, fand um 19:00 Uhr in der Katholischen Kirche in\u00a0Sotzweiler Jan`s 1. Jahrged\u00e4chtnis statt.<\/strong><\/p>\n<p>&#8230;&#8230;&#8230;&#8230;&#8230;&#8230;&#8230;&#8230;&#8230;&#8230;&#8230;&#8230;&#8230;&#8230;&#8230;&#8230;&#8230;&#8230;&#8230;&#8230;&#8230;&#8230;&#8230;&#8230;&#8230;&#8230;&#8230;&#8230;&#8230;&#8230;&#8230;&#8230;&#8230;&#8230;&#8230;&#8230;&#8230;&#8230;&#8230;&#8230;&#8230;&#8230;<\/p>\n<p>Die Zeit heilt nicht die Wunden sondern bet\u00e4ubt lediglich zunehmend<\/p>\n<p>den Schmerz.<\/p>\n<p>Es gibt kein Wort, das die Dimension der Sehnsucht und damit<br \/>\nder Liebe zu Jan auch nur ann\u00e4hernd beschreiben k\u00f6nnte.<\/p>\n<p>Wenn es eine wie auch immer geartete Existenz nach dem irdischen<br \/>\nLeben gibt, besteht kein Anlass dazu daran zu zweifeln, dass sich Jan<br \/>\nund auch alle anderen verstorbenen Kinder\u00a0in einem Zustand der un\u00fcbertrefflichen Vollkommenheit befinden.<\/p>\n<p><strong>Jan hat mit seinem Tod nicht nur seinem Leiden ein Ende gesetzt, sondern auch den Feind in seinem K\u00f6rper besiegt.<\/strong><\/p>\n<p><strong>Jan \u2013 Du wirst f\u00fcr immer unser Held sein!<\/strong><\/p>\n<p><strong>Danke Jan\u00a0dass wir Dir\u00a0Bruder, Mama und Papa sein durften!<\/strong><\/p>\n<p><strong>An jedem einzelnen Tag gibt es Momente, in denen sich pl\u00f6tzlich eine un\u00fcberwindlich scheinende Mauer vor uns aufbaut und daran hindert, die Zukunft, die sich hinter dieser Mauer befindet, zu betreten. Vor dieser Mauer \u00f6ffnet sich ein tiefer Abgrund, der eine von mal zu mal unterschiedlich starke Anziehungskraft ausstrahlt. Dieser k\u00f6nnen wir nur durch die Kraft der Zukunft, welche durch Jan`s Bruder und unseren Sohn Nico ausgestrahlt wird, widerstehen.<br \/>\nEr macht uns deutlich, dass es nur einen Weg gibt!<\/p>\n<p>Nico ist die Br\u00fccke \u00fcber den Abgrund und das Tor durch die Mauer zur Zukunft \u2013 das Leben hat noch einen Sinn.<\/p>\n<p>Es schmerzt &#8230;<\/p>\n<p>\u2026 dass Jan im Rahmen seiner Therapie soviel erleiden musste,<\/p>\n<p>\u2026 dass wir ihm nicht mehr das Zeigen konnten, was er noch sehen<br \/>\nwollte,<\/p>\n<p>\u2026 sein herzliches rollendes Lachen nicht mehr zu h\u00f6ren,<\/p>\n<p>\u2026 ihn nicht mehr k\u00f6rperlich bei uns zu haben,<\/p>\n<p>\u2026 dass Nico seinen Bruder so sehr vermisst,<\/p>\n<p>\u2026 das die Erinnerungen mehr und mehr verblassen werden,<\/p>\n<p>\u2026 das wir uns mit dem Verlust abfinden m\u00fcssen um ihn zu verarbeiten,<\/p>\n<p>\u2026 dass Jan in unserem Leben nicht wieder zur\u00fcckkehren wird,<\/p>\n<p>\u2026 dass das Leben niemals mehr so werden wird wie es war,<\/p>\n<p>&#8230; die Vorstellung, dass sein K\u00f6rper mehr und mehr zerf\u00e4llt,<\/p>\n<p>\u2026 dass seine Tapferkeit nicht belohnt wurde,<\/strong><\/p>\n<p><strong>&#8230; dass, von zu wenigen Ausnahmen abgesehen, das pers\u00f6nliche Umfeld <\/strong><\/p>\n<p><strong>\u00a0\u00a0\u00a0\u00a0erwartet, dass man sich wieder in den Alltag einordnet als <\/strong><strong>sei <\/strong><strong>nichts\u00a0\u00a0 <\/strong><\/p>\n<p><strong>\u00a0\u00a0\u00a0 geschehen, <\/strong><\/p>\n<p><strong><br \/>\n&#8230; das Jan bei so vielen, zumindet verbal, kein Thema mehr ist, mit dem man <\/strong><\/p>\n<p><strong>\u00a0\u00a0\u00a0 sich auseinandersetzen m\u00f6chte.<br \/>\n<\/strong><\/p>\n<p><strong><br \/>\nJan wir lieben und vermissen Dich so sehr !\u00a0<\/strong><\/p>\n<p><strong><br \/>\n<\/strong><\/p>\n<p><strong>Es f\u00e4llt uns noch immer sehr schwer das Geschehene zu akzeptieren. Die wunderbaren Erinnerungen an Jan empfinden wir wie Nadelstiche ins Herz und verhindern so eine Heilung der rie\u00dfigen Wunde. Obwohl uns der Glaube an ein g\u00f6ttliches Wesen keine Kraft mehr gibt, hoffen wir dennoch auf ein Wiedersehen mit unserem geliebten Sohn in welcher Form auch immer. Der Gedanke, dass diese religi\u00f6se Theorie lediglich ein irdischer Trost bzw. ein erdachtes Hilfsmittel zur Verarbeitung eines solchen Verlusts ist, erf\u00fcllt uns zus\u00e4tzlich mit Angst. Nico und diese Hoffnung auf ein Wiedersehen helfen uns jeden einzelnen Tag ohne Jan zu \u00fcberstehen. Es ist unbeschreiblich schmerzhaft.<\/p>\n<p>09.10.2007 &#8211; Wir haben heute in unserem Garten f\u00fcr Jan eine Trauerweide<br \/>\ngepflanzt.<br \/>\n<\/strong><\/p>\n","protected":false},"excerpt":{"rendered":"<p>Die Sehnsucht macht deutlich wie nah uns das Gl\u00fcck einst war. Durch Jan &#8217;s Tod wurde ein wunderbarer und bedeutender Teil unserer Zukunft f\u00fcr immer ausgel\u00f6scht. Freude und Hoffnung auf den noch verbliebenen Teil lassen sich nur noch schwer empfinden. Ohnm\u00e4chtig stehen wir vor seiner Ruhest\u00e4tte und empfinden Sehnsucht, Wut, Entt\u00e4uschung, Verzweiflung und manchmal auch [&hellip;]<\/p>\n","protected":false},"author":1,"featured_media":0,"parent":0,"menu_order":0,"comment_status":"closed","ping_status":"closed","template":"","meta":{"footnotes":""},"class_list":["post-96","page","type-page","status-publish","hentry"],"_links":{"self":[{"href":"https:\/\/test.hilfe-fuer-jan.de\/index.php?rest_route=\/wp\/v2\/pages\/96","targetHints":{"allow":["GET"]}}],"collection":[{"href":"https:\/\/test.hilfe-fuer-jan.de\/index.php?rest_route=\/wp\/v2\/pages"}],"about":[{"href":"https:\/\/test.hilfe-fuer-jan.de\/index.php?rest_route=\/wp\/v2\/types\/page"}],"author":[{"embeddable":true,"href":"https:\/\/test.hilfe-fuer-jan.de\/index.php?rest_route=\/wp\/v2\/users\/1"}],"replies":[{"embeddable":true,"href":"https:\/\/test.hilfe-fuer-jan.de\/index.php?rest_route=%2Fwp%2Fv2%2Fcomments&post=96"}],"version-history":[{"count":1,"href":"https:\/\/test.hilfe-fuer-jan.de\/index.php?rest_route=\/wp\/v2\/pages\/96\/revisions"}],"predecessor-version":[{"id":97,"href":"https:\/\/test.hilfe-fuer-jan.de\/index.php?rest_route=\/wp\/v2\/pages\/96\/revisions\/97"}],"wp:attachment":[{"href":"https:\/\/test.hilfe-fuer-jan.de\/index.php?rest_route=%2Fwp%2Fv2%2Fmedia&parent=96"}],"curies":[{"name":"wp","href":"https:\/\/api.w.org\/{rel}","templated":true}]}}

<p>Die Sehnsucht macht deutlich wie nah uns das Glück einst war.</p>
<p>Durch Jan &#8217;s Tod wurde ein wunderbarer und bedeutender Teil unserer Zukunft für immer ausgelöscht. Freude und Hoffnung auf den noch verbliebenen Teil lassen sich nur noch schwer empfinden.</p>
<p>Ohnmächtig stehen wir vor seiner Ruhestätte und empfinden Sehnsucht, Wut, Enttäuschung, Verzweiflung und manchmal auch Hoffnung auf ein Wiedersehen. Diese Hoffnung ist einer wechselhaften Intensität unterworfen und vermag es nicht die anderen negativen Empfindungen zu unterdrücken.</p>
<p>Wie wunderbar wäre es, wenn wir seinen Körper noch einmal im Arm halten oder einfach nur berühren könnten, aber die aufgeschüttete Erde, die Angst Ihn nicht wiederzuerkennen oder schlicht die Vernunft hindern uns daran.</p>
<p>Die Frage nach dem Warum wird uns bis an unser Lebensende verfolgen in der Hoffnung hierauf dann eine Anwort zu erhalten. Wenn sich jedoch die Hoffnung auf ein <strong>Wiedersehen mit Jan</strong> erfüllt, werden all die offenen Fragen bedeutungslos.</p>
<p>&#8230;&#8230;&#8230;&#8230;&#8230;&#8230;&#8230;&#8230;&#8230;&#8230;&#8230;&#8230;&#8230;&#8230;&#8230;&#8230;&#8230;&#8230;&#8230;&#8230;&#8230;&#8230;&#8230;&#8230;&#8230;&#8230;&#8230;&#8230;&#8230;&#8230;&#8230;&#8230;&#8230;&#8230;&#8230;&#8230;&#8230;&#8230;&#8230;&#8230;&#8230;&#8230;</p>
<p><strong>Am Samstag, den 04. Oktober 2008, fand um 19:00 Uhr in der Katholischen Kirche in Sotzweiler Jan`s 1. Jahrgedächtnis statt.</strong></p>
<p>&#8230;&#8230;&#8230;&#8230;&#8230;&#8230;&#8230;&#8230;&#8230;&#8230;&#8230;&#8230;&#8230;&#8230;&#8230;&#8230;&#8230;&#8230;&#8230;&#8230;&#8230;&#8230;&#8230;&#8230;&#8230;&#8230;&#8230;&#8230;&#8230;&#8230;&#8230;&#8230;&#8230;&#8230;&#8230;&#8230;&#8230;&#8230;&#8230;&#8230;&#8230;&#8230;</p>
<p>Die Zeit heilt nicht die Wunden sondern betäubt lediglich zunehmend</p>
<p>den Schmerz.</p>
<p>Es gibt kein Wort, das die Dimension der Sehnsucht und damit<br />
der Liebe zu Jan auch nur annähernd beschreiben könnte.</p>
<p>Wenn es eine wie auch immer geartete Existenz nach dem irdischen<br />
Leben gibt, besteht kein Anlass dazu daran zu zweifeln, dass sich Jan<br />
und auch alle anderen verstorbenen Kinder in einem Zustand der unübertrefflichen Vollkommenheit befinden.</p>
<p><strong>Jan hat mit seinem Tod nicht nur seinem Leiden ein Ende gesetzt, sondern auch den Feind in seinem Körper besiegt.</strong></p>
<p><strong>Jan – Du wirst für immer unser Held sein!</strong></p>
<p><strong>Danke Jan dass wir Dir Bruder, Mama und Papa sein durften!</strong></p>
<p><strong>An jedem einzelnen Tag gibt es Momente, in denen sich plötzlich eine unüberwindlich scheinende Mauer vor uns aufbaut und daran hindert, die Zukunft, die sich hinter dieser Mauer befindet, zu betreten. Vor dieser Mauer öffnet sich ein tiefer Abgrund, der eine von mal zu mal unterschiedlich starke Anziehungskraft ausstrahlt. Dieser können wir nur durch die Kraft der Zukunft, welche durch Jan`s Bruder und unseren Sohn Nico ausgestrahlt wird, widerstehen.<br />
Er macht uns deutlich, dass es nur einen Weg gibt!</p>
<p>Nico ist die Brücke über den Abgrund und das Tor durch die Mauer zur Zukunft – das Leben hat noch einen Sinn.</p>
<p>Es schmerzt &#8230;</p>
<p>… dass Jan im Rahmen seiner Therapie soviel erleiden musste,</p>
<p>… dass wir ihm nicht mehr das Zeigen konnten, was er noch sehen<br />
wollte,</p>
<p>… sein herzliches rollendes Lachen nicht mehr zu hören,</p>
<p>… ihn nicht mehr körperlich bei uns zu haben,</p>
<p>… dass Nico seinen Bruder so sehr vermisst,</p>
<p>… das die Erinnerungen mehr und mehr verblassen werden,</p>
<p>… das wir uns mit dem Verlust abfinden müssen um ihn zu verarbeiten,</p>
<p>… dass Jan in unserem Leben nicht wieder zurückkehren wird,</p>
<p>… dass das Leben niemals mehr so werden wird wie es war,</p>
<p>&#8230; die Vorstellung, dass sein Körper mehr und mehr zerfällt,</p>
<p>… dass seine Tapferkeit nicht belohnt wurde,</strong></p>
<p><strong>&#8230; dass, von zu wenigen Ausnahmen abgesehen, das persönliche Umfeld </strong></p>
<p><strong>    erwartet, dass man sich wieder in den Alltag einordnet als </strong><strong>sei </strong><strong>nichts   </strong></p>
<p><strong>    geschehen, </strong></p>
<p><strong><br />
&#8230; das Jan bei so vielen, zumindet verbal, kein Thema mehr ist, mit dem man </strong></p>
<p><strong>    sich auseinandersetzen möchte.<br />
</strong></p>
<p><strong><br />
Jan wir lieben und vermissen Dich so sehr ! </strong></p>
<p><strong><br />
</strong></p>
<p><strong>Es fällt uns noch immer sehr schwer das Geschehene zu akzeptieren. Die wunderbaren Erinnerungen an Jan empfinden wir wie Nadelstiche ins Herz und verhindern so eine Heilung der rießigen Wunde. Obwohl uns der Glaube an ein göttliches Wesen keine Kraft mehr gibt, hoffen wir dennoch auf ein Wiedersehen mit unserem geliebten Sohn in welcher Form auch immer. Der Gedanke, dass diese religiöse Theorie lediglich ein irdischer Trost bzw. ein erdachtes Hilfsmittel zur Verarbeitung eines solchen Verlusts ist, erfüllt uns zusätzlich mit Angst. Nico und diese Hoffnung auf ein Wiedersehen helfen uns jeden einzelnen Tag ohne Jan zu überstehen. Es ist unbeschreiblich schmerzhaft.</p>
<p>09.10.2007 &#8211; Wir haben heute in unserem Garten für Jan eine Trauerweide<br />
gepflanzt.<br />
</strong></p>

<p>Die Sehnsucht macht deutlich wie nah uns das Glück einst war. Durch Jan &#8217;s Tod wurde ein wunderbarer und bedeutender Teil unserer Zukunft für immer ausgelöscht. Freude und Hoffnung auf den noch verbliebenen Teil lassen sich nur noch schwer empfinden. Ohnmächtig stehen wir vor seiner Ruhestätte und empfinden Sehnsucht, Wut, Enttäuschung, Verzweiflung und manchmal auch [&hellip;]</p>
